f(i) = -i - 3 + 0*i + 17 + 2*i. Let l be f(-11). Suppose -3*b + 102 = l*b. Calculate the remainder when 64 is divided by b.
13
Let j be (-4)/(-14) - (-210)/(-49). Suppose 25*c - 21*c = 72. Calculate the remainder when 75 is divided by (-3287)/(-171) + j/c.
18
Let b(z) = 76. Let d(h) = 4*h. Let t(r) = b(r) + 2*d(r). What is the remainder when 41 is divided by t(-9)?
1
Calculate the remainder when 339 is divided by 308/22 - (-24 - 5).
38
Suppose 204 = 5*y - w, -2*y + 0*w + 100 = -5*w. What is the remainder when y is divided by (-8)/(64/(-136)) - (-5 + (-6)/(-6))?
19
What is the remainder when 835 is divided by (-160)/(-880) - -2*1516/22?
7
Let a(q) = -q**3 - 2*q**2 - q - 43. Let g be a(0). Let m = g - -115. Let s(z) = 17*z**2 + z + 1. What is the remainder when m is divided by s(1)?
15
Let z(n) = 3*n + 16. Let v be z(-4). Suppose 976 = -v*q + 8*q. Suppose 2*h - q = -4*c, 3*c = -0*h - 2*h + 184. What is the remainder when c is divided by 9?
6
Suppose -25 = -3*l + 8. Let i(z) = -z**2 + 11*z. Let y be i(l). Suppose -q + 27 = 4*x, y = -q - 2*x - 3*x + 32. What is the remainder when q is divided by 5?
2
Let q = 15 + -2. Suppose -2*m - 3 = -47. Let a = m - -38. What is the remainder when a is divided by q?
8
Let f(o) be the third derivative of 2*o**5/15 - 11*o**4/24 + 23*o**3/6 + 7*o**2. What is the remainder when f(7) is divided by 34?
32
Let o = -2665 + 2700. What is the remainder when 522 is divided by o?
32
Suppose 376*k - 314*k - 4588 = 0. Calculate the remainder when k is divided by 18 - (0 - (-6 + 3)).
14
Let g = 5 - -39. Let x be (-1)/((-22)/2548) - (-8)/g. Let o = x + -69. What is the remainder when o is divided by 18?
11
Let w be (-24)/(-7)*(-1)/(2/(-35)). Let q = -25 + w. Suppose q = 2*k + 7. Calculate the remainder when k is divided by 4.
2
Let m = -125 + 441. What is the remainder when m is divided by 104?
4
Suppose n = 5*n + 5*u - 604, 4*n - 580 = u. Suppose 152*v - n*v - 120 = 0. Calculate the remainder when 155 is divided by v.
15
What is the remainder when (182688/120)/(-4*2/(-20)) is divided by 81?
80
Let b = -1847 + 1854. What is the remainder when 1273 is divided by b?
6
Let d = -43 + -103. Let n = d - -169. Calculate the remainder when n is divided by (-12)/(-9)*15/2.
3
Suppose s + a - 171 = -2*a, 3*a = -9. What is the remainder when 107 is divided by (s/(-8))/(42/(-140))?
32
Suppose a - 312 = x - 2*x, 5*x - 4*a - 1533 = 0. Let j = x - 280. What is the remainder when 201 is divided by j?
27
Suppose 0 = 5*o - 203 + 168. Suppose 5*d - k = 1365, 1355 = -2*d + o*d + k. What is the remainder when d is divided by 56?
48
Suppose -360 = -7*y - 11*y. Suppose -7*i - y*i + 567 = 0. Calculate the remainder when 59 is divided by i.
17
Let f be (1/(-2))/((-28)/12824). Suppose 46*m - 875 = f. Calculate the remainder when 59 is divided by m.
11
Suppose -f + 4 = -1. Let z(u) = -u + 5. Let k be z(f). Suppose k = -8*r + 9*r - 50. Calculate the remainder when r is divided by 18.
14
Let n = -214890 - -214903. Suppose -4*x + 3*x = -4*t + 196, 4*t - 4*x = 196. What is the remainder when t is divided by n?
10
Let q = 773 - 462. Calculate the remainder when q is divided by (39/1)/(1349/76 - 17).
51
Let j(s) = -15*s + 110. Let i = -308 + 314. Let r(m) = -4*m**3 + 2*m**2 + 2*m + 1. Calculate the remainder when j(i) is divided by r(-1).
0
Let q = 37254 - 37220. Suppose 2*f - 145 = -55. Calculate the remainder when f is divided by q.
11
Let n be (-28)/(-6)*(-486)/189. Let l = n + 71. What is the remainder when l is divided by 15?
14
Suppose -87*n + 45 = -82*n. Suppose 0 = 3*h + 4*u - 42 - 20, -3*u + 24 = h. Calculate the remainder when 2/n + (-7007)/(-99) is divided by h.
17
Suppose 47*d - 52*d = -50. Let f(y) = -14 + 13*y + 3*y**2 - 4*y**2 + 3 + 0*y**2. Calculate the remainder when 92 is divided by f(d).
16
Let v be 3 + -6 - 13/(-1). Suppose 33 = v*p - 27. Calculate the remainder when ((-44)/(-6))/((-2)/(-3)) is divided by p.
5
Let s(w) = -w**2 + 39*w - 318. What is the remainder when 1546 is divided by s(16)?
46
Suppose -1644 = 5*d + 2*a, 8*d + 318 = 7*d + 5*a. Let f = -296 - d. What is the remainder when f is divided by 6?
2
Let y(h) = -6*h - 15. Let a be y(-4). Suppose 0 = 5*j - 4*o - 451, 5*j + 5*o - 2*o = 423. Calculate the remainder when -1 + j - (-8 + a) is divided by 31.
23
What is the remainder when 365/4*58/(-3915)*-54 is divided by 13?
8
Let h(i) = 8*i + 13. Let z be h(9). Suppose -3*l = -z - 89. Calculate the remainder when l is divided by (((-8)/(-7))/(178/(-267)))/(2/(-7)).
4
Suppose 8*c - 18 = 17*c. Calculate the remainder when 183 is divided by (-676)/(-14) + c + 70/(-245).
45
Let w = -20625 + 20819. Calculate the remainder when 1740 is divided by w.
188
Let m be (-105)/6*4/5. Let r be 514/(-10) - 0 - (-2)/5. Let b = m - r. What is the remainder when 144 is divided by b?
33
Let w = 3721 + -3621. Calculate the remainder when 3297 is divided by w.
97
Let x(l) = -106*l**2 + 17*l + 17. Let y be x(-1). Let t = y + 122. What is the remainder when 15*-1*(-42)/10 is divided by t?
15
Suppose 5*a = -25*t + 30*t + 725, -470 = -3*a - 4*t. Calculate the remainder when 1955 is divided by a.
5
Let h = 6726 + -5690. What is the remainder when h is divided by 24?
4
Let a(s) = s**2 - 8*s + 11. Let l be a(8). Suppose -3*b = -v - 7, 4*v = 3*b - v - l. Suppose -4*d = -b*d - 2. Calculate the remainder when 2 is divided by d.
0
Let u(b) = b**3 - 2*b**2 - 18*b - 40. Let a be u(10). Let w = 585 - a. Calculate the remainder when 38 is divided by w.
3
Let a = -16 + 39. Let c = 512 + -495. Suppose -978 - 535 = -c*r. Calculate the remainder when r is divided by a.
20
Let p(s) = 19*s**2 + 5*s - 3. Let t be p(-5). Suppose -443*d - 52 = -t*d. What is the remainder when 518 is divided by d?
11
Suppose 0 = 12*y - 7*y - 60. Let a = -1662 + 1691. What is the remainder when a is divided by y?
5
Let p be 63*(5 - 3 - 0). Suppose 3*z + 56 = u, 0*u = 2*u + z - p. Suppose -6*g - g + 154 = 0. Calculate the remainder when u is divided by g.
18
Let q be (-2*(-2)/(-2))/((-2)/28). Let d = q + -26. Suppose d*a - 17 = 15. Calculate the remainder when 62 is divided by a.
14
Let a(w) = w - 17. Let g be a(22). Let s(l) = 26*l**2 + 10*l. Calculate the remainder when s(g) is divided by 26.
24
Calculate the remainder when 478 is divided by (-55)/2*(-4056)/7436.
13
Let s = 37 + -136. What is the remainder when (-18)/s - 3978/(-22) is divided by 62?
57
Let t(l) = -27*l**2 - 5*l + 7. Let b be t(-3). Let k = -83 - b. What is the remainder when k is divided by (-3)/2 + 31/2?
12
Let i(y) = -y**2 - 4*y + 19. Let c be i(-6). Suppose c*b - 132 = 197. Calculate the remainder when b is divided by 10.
7
Suppose 0 = 3*h - 4*j - 89, -187*h = -191*h - 5*j + 129. What is the remainder when 493 is divided by h?
28
Let z = 0 + 6. Calculate the remainder when (284/(-497))/((-6)/189) is divided by z.
0
Suppose 0 = -7*q + 368 - 193. What is the remainder when 90 is divided by q?
15
Let b = 2137 + -2107. Let a(m) = 12*m - 15. What is the remainder when a(5) is divided by b?
15
Let k(b) = 16*b**3 - 5*b + 4. Suppose -2*i - 3 = -2*z + 1, -5 = -4*z + i. What is the remainder when k(z) is divided by 9?
6
Let d = -52 + 37. Let m be (126/d)/(-7) + (-1)/5. What is the remainder when 23 is divided by -2*m/(-3)*12?
7
Let l be 1/((-4)/(-8))*17. Let c = l - 12. Suppose c = -2*w + 44. Calculate the remainder when w is divided by 3.
2
Calculate the remainder when 192 is divided by (-20)/(-6)*44/((-968)/(-66)).
2
Let f be (1 - -2*31)*1. Calculate the remainder when ((-38)/190 + (-22)/40)/(17/(-1292)) is divided by -1*f/(-3)*1.
15
Calculate the remainder when (-6)/(-1)*4897/498 is divided by 25.
9
Let h = -25 - 33. Let s = 107 + h. Suppose 0*q + q = -2*x + 5, 2*q - 30 = x. What is the remainder when s is divided by q?
10
Let d(j) = -12*j + 39. Suppose 2*o + 12 = 3*u + 70, -4*o - 2*u + 84 = 0. What is the remainder when d(-6) is divided by o?
19
Suppose 2*j = -0*j + 8. Suppose 2*g - 252 = j*r + r, -4*g - 5*r = -444. Suppose 50*s - 12*s - 392 - 102 = 0. Calculate the remainder when g is divided by s.
12
Suppose 3*r + 3*l - 105 = -36, 4*r + 5*l - 86 = 0. Calculate the remainder when 204 is divided by r.
1
Suppose 7*t - 11*t = -360. Let j be (36/(-30)*-1)/((-6)/(-460)). Suppose -3*b = 2*s - 0*b - j, -230 = -5*s - b. Calculate the re